 of 5801843?
0
What is the tens digit of 233229?
2
What is the tens digit of 11062731?
3
What is the thousands digit of 1017027?
7
What is the hundred thousands digit of 229401?
2
What is the units digit of 3709034?
4
What is the units digit of 56455?
5
What is the tens digit of 32782545?
4
What is the hundred thousands digit of 293725?
2
What is the tens digit of 586103?
0
What is the ten thousands digit of 554936?
5
What is the tens digit of 2413582?
8
What is the thousands digit of 2566101?
6
What is the millions digit of 2407224?
2
What is the ten thousands digit of 9863167?
6
What is the hundred thousands digit of 25932550?
9
What is the millions digit of 3663733?
3
What is the hundred thousands digit of 1770167?
7
What is the hundreds digit of 214752?
7
What is the tens digit of 188263?
6
What is the units digit of 75863?
3
What is the millions digit of 28367420?
8
What is the hundreds digit of 3965448?
4
What is the tens digit of 97694?
9
What is the hundreds digit of 1463336?
3
What is the ten thousands digit of 721164?
2
What is the ten thousands digit of 509118?
0
What is the thousands digit of 339323?
9
What is the units digit of 394727?
7
What is the units digit of 246039?
9
What is the tens digit of 14060758?
5
What is the thousands digit of 1208283?
8
What is the units digit of 1232958?
8
What is the hundreds digit of 1097314?
3
What is the thousands digit of 739233?
9
What is the millions digit of 3325045?
3
What is the units digit of 74830?
0
What is the millions digit of 3827764?
3
What is the hundreds digit of 29921?
9
What is the thousands digit of 6608554?
8
What is the hundreds digit of 21752196?
1
What is the hundreds digit of 23182355?
3
What is the hundred thousands digit of 28958115?
9
What is the units digit of 1285842?
2
What is the millions digit of 6826588?
6
What is the tens digit of 198975?
7
What is the thousands digit of 8018444?
8
What is the hundreds digit of 16418129?
1
What is the thousands digit of 12065556?
5
What is the hundreds digit of 1820428?
4
What is the ten thousands digit of 342415?
4
What is the tens digit of 502985?
8
What is the tens digit of 68342?
4
What is the thousands digit of 314755?
4
What is the units digit of 16233185?
5
What is the units digit of 131397?
7
What is the tens digit of 5496259?
5
What is the hundred thousands digit of 4840275?
8
What is the hundred thousands digit of 14397488?
3
What is the hundreds digit of 10663795?
7
What is the ten thousands digit of 470593?
7
What is the hundreds digit of 4438?
4
What is the hundreds digit of 10301872?
8
What is the units digit of 4408261?
1
What is the units digit of 11556811?
1
What is the units digit of 497172?
2
What is the ten thousands digit of 10378232?
7
What is the ten thousands digit of 7906517?
0
What is the thousands digit of 1709356?
9
What is the hundred thousands digit of 2252996?
2
What is the hundred thousands digit of 928684?
9
What is the ten thousands digit of 444670?
4
What is the units digit of 4583849?
9
What is the units digit of 483992?
2
What is the tens digit of 7445598?
9
What is the ten millions digit of 15864176?
1
What is the hundreds digit of 905335?
3
What is the thousands digit of 240603?
0
What is the hundred thousands digit of 3985041?
9
What is the hundred thousands digit of 6539294?
5
What is the ten thousands digit of 21959697?
5
What is the units digit of 1179645?
5
What is the hundreds digit of 328259?
2
What is the ten thousands digit of 107393?
0
What is the ten thousands digit of 14814580?
1
What is the hundred thousands digit of 104684?
1
What is the hundreds digit of 521614?
6
What is the ten millions digit of 14802273?
1
What is the tens digit of 36340063?
6
What is the hundred thousands digit of 164011?
1
What is the hundreds digit of 12362?
3
What is the thousands digit of 593925?
3
What is the hundred thousands digit of 182145?
1
What is the hundreds digit of 13693?
6
What is the units digit of 58862?
2
What is the millions digit of 3183765?
3
What is the hundreds digit of 8494?
4
What is the thousands digit of 17978802?
8
What is the units digit of 5008?
8
What is the hundreds digit of 495410?
4
What is the thousands digit of 522165?
2
What is the thousands digit of 34524?
4
What is the hundred thousands digit of 126033?
1
What is the tens digit of 268656?
5
What is the hundred thousands digit of 4563623?
5
What is the ten millions digit of 38863026?
3
What is the hundred thousands digit of 238425?
2
What is the units digit of 32141?
1
What is the ten thousands digit of 6064309?
6
What is the tens digit of 29272?
7
What is the tens digit of 233771?
7
What is the millions digit of 32686826?
2
What is the thousands digit of 4856851?
6
What is the thousands digit of 1583160?
3
What is the hundreds digit of 1204146?
1
What is the tens digit of 4345226?
2
What is the thousands digit of 1414875?
4
What is the millions digit of 5534742?
5
What is the tens digit of 291889?
8
What is the units digit of 156807?
7
What is the thousands digit of 7997818?
7
What is the ten thousands digit of 1542415?
4
What is the hundred thousands digit of 144184?
1
What is the hundreds digit of 11091857?
8
What is the units digit of 702150?
0
What is the hundred thousands digit of 3223898?
2
What is the ten thousands digit of 5900761?
0
What is the hundred thousands digit of 165858?
1
What is the hundreds digit of 5333815?
8
What is the hundred thousands digit of 4159727?
1
What is the ten thousands digit of 831092?
3
What is the tens digit of 1045972?
7
What is the ten millions digit of 17852666?
1
What is the thousands digit of 36562013?
2
What is the hundred thousands digit of 17150845?
1
What is the ten thousands digit of 764032?
6
What is the tens digit of 9513825?
2
What is the hundreds digit of 941576?
5
What is the hundreds digit of 40832?
8
What is the hundreds digit of 213381?
3
What is the ten thousands digit of 1194151?
9
What is the hundreds digit of 128172?
1
What is the tens digit of 114322?
2
What is the millions digit of 1813952?
1
What is the thousands digit of 579060?
9
What is the hundreds digit of 262509?
5
What is the hundreds digit of 1615401?
4
What is the thousands digit of 2529373?
9
What is the millions digit of 3795641?
3
What is the hundred thousands digit of 244436?
2
What is the thousands digit of 900860?
0
What is the thousands digit of 66387?
6
What is the units digit of 394347?
7
What is the hundreds digit of 34044216?
2
What is the units digit of 23494807?
7
What is the thousands digit of 5756129?
6
What is the thousands digit of 2949524?
9
What is the millions digit of 1134664?
1
What is the tens digit of 242859?
5
What is the millions digit of 2114262?
2
What is the units digit of 2757768?
8
What is the hundred thousands digit of 229482?
2
What is the thousands digit of 250275?
0
What is the units digit of 300210?
0
What is the hundreds digit of 179395?
3
What is the hundred thousands digit of 519225?
5
What is the thousands digit of 288890?
8
What is the hundred thousands digit of 121384?
1
What is the thousands digit of 3068725?
8
What is the thousands digit of 18301917?
1
What is the millions digit of 1187194?
1
What is the hundreds digit of 135680?
6
What is the hundred thousands digit of 1094663?
0
What is the hundred thousands digit of 116668?
1
What is the units digit of 177833?
3
What is the thousands digit of 5615014?
5
What is the hundred thousands digit of 1505183?
5
What is the hundreds digit of 229599?
5
What is the tens digit of 85922?
2
What is the hundreds digit of 16516972?
9
What is the hundred thousands digit of 2686052?
6
What is the units digit of 237797?
7
What is the units digit of 67974?
4
What is the units digit of 689849?
9
What is the hundred thousands digit of 13478868?
4
What is the hundreds digit of 71303?
3
What is the millions digit of 1892416?
1
What is the units digit of 81950?
0
What is the hundred thousands digit of 2438106?
4
What is the tens digit of 2567785?
8
What is the ten thousands digit of 5684898?
8
What is the millions digit of 1456829?
1
What is the thousands digit of 20113281?
3
What is the thousands digit of 50530?
0
What is the thousands digit of 510963?
0
What is the tens digit of 324810?
1
What is the hundred thousand